{"id":156,"date":"2020-05-02T10:39:02","date_gmt":"2020-05-02T08:39:02","guid":{"rendered":"http:\/\/cocker-montravel.com\/?page_id=156"},"modified":"2021-01-30T15:35:38","modified_gmt":"2021-01-30T14:35:38","slug":"expositions","status":"publish","type":"page","link":"https:\/\/www.cocker-montravel.com\/?page_id=156","title":{"rendered":"Expositions"},"content":{"rendered":"\n<p>Quelques photos repr\u00e9sentant les cockers de Montravel en expositions, ob\u00e9rythm\u00e9e et agility <\/p>\n\n\n<\/p>\n<h3>D\u00e9couvrez dans le d\u00e9tail :<\/h3>\n<p><ul class=\"\"><li class=\"\"><a class=\"\u00bb\" href=\"https:\/\/www.cocker-montravel.com\/?page_id=1454\" title=\"Ob\u00e9rythm\u00e9e\">Ob\u00e9rythm\u00e9e<\/a><\/li><li class=\"\"><a class=\"\u00bb\" href=\"https:\/\/www.cocker-montravel.com\/?page_id=1452\" title=\"Agility\">Agility<\/a><\/li><li class=\"\"><a class=\"\u00bb\" href=\"https:\/\/www.cocker-montravel.com\/?page_id=1450\" title=\"Les anciens Montravel en exposition\">Les anciens Montravel en exposition<\/a><\/li><li class=\"\"><a class=\"\u00bb\" href=\"https:\/\/www.cocker-montravel.com\/?page_id=1448\" title=\"FERSEN de Montravel\">FERSEN de Montravel<\/a><\/li><\/ul>\n","protected":false},"excerpt":{"rendered":"<p>Quelques photos repr\u00e9sentant les cockers de Montravel en expositions, ob\u00e9rythm\u00e9e et agility<\/p>\n","protected":false},"author":1,"featured_media":0,"parent":0,"menu_order":7,"comment_status":"closed","ping_status":"closed","template":"","meta":{"ngg_post_thumbnail":0,"footnotes":""},"_links":{"self":[{"href":"https:\/\/www.cocker-montravel.com\/index.php?rest_route=\/wp\/v2\/pages\/156"}],"collection":[{"href":"https:\/\/www.cocker-montravel.com\/index.php?rest_route=\/wp\/v2\/pages"}],"about":[{"href":"https:\/\/www.cocker-montravel.com\/index.php?rest_route=\/wp\/v2\/types\/page"}],"author":[{"embeddable":true,"href":"https:\/\/www.cocker-montravel.com\/index.php?rest_route=\/wp\/v2\/users\/1"}],"replies":[{"embeddable":true,"href":"https:\/\/www.cocker-montravel.com\/index.php?rest_route=%2Fwp%2Fv2%2Fcomments&post=156"}],"version-history":[{"count":17,"href":"https:\/\/www.cocker-montravel.com\/index.php?rest_route=\/wp\/v2\/pages\/156\/revisions"}],"predecessor-version":[{"id":2440,"href":"https:\/\/www.cocker-montravel.com\/index.php?rest_route=\/wp\/v2\/pages\/156\/revisions\/2440"}],"wp:attachment":[{"href":"https:\/\/www.cocker-montravel.com\/index.php?rest_route=%2Fwp%2Fv2%2Fmedia&parent=156"}],"curies":[{"name":"wp","href":"https:\/\/api.w.org\/{rel}","templated":true}]}}